{"id":238,"date":"2024-03-16T03:55:35","date_gmt":"2024-03-16T02:55:35","guid":{"rendered":"https:\/\/jvp-antenas.com.ar\/cp7dx\/?page_id=238"},"modified":"2024-03-16T04:11:00","modified_gmt":"2024-03-16T03:11:00","slug":"location","status":"publish","type":"page","link":"https:\/\/jvp-antenas.com.ar\/cp7dx\/location\/","title":{"rendered":"LOCATION"},"content":{"rendered":"<div id=\"pl-gb238-69edd4c1d9592\"  class=\"panel-layout panel-layout\" ><div id=\"pg-gb238-69edd4c1d9592-0\"  class=\"panel-grid panel-no-style\" ><div id=\"pgc-gb238-69edd4c1d9592-0-0\"  class=\"panel-grid-cell panel-grid-cell-empty\" ><\/div><div id=\"pgc-gb238-69edd4c1d9592-0-1\"  class=\"panel-grid-cell panel-grid-cell-mobile-last\" ><div id=\"panel-gb238-69edd4c1d9592-0-1-0\" class=\"so-panel widget widget_sow-editor panel-first-child panel-last-child\" data-index=\"0\" ><div\n\t\t\t\n\t\t\tclass=\"so-widget-sow-editor so-widget-sow-editor-base\"\n\t\t\t\n\t\t><h3 class=\"widget-title\">Grid Locator: FG78pl<\/h3>\n<div class=\"siteorigin-widget-tinymce textwidget\">\n\t<h4><span style=\"color: #333399;\"><strong><span id=\"mll\"><br \/>\nLat: -21\u00b0 31&#8242; 18&#8243; S \/\u00a0<\/span><\/strong><\/span><span style=\"color: #333399;\"><strong><span id=\"mll\">Long: -64\u00b0 42&#8242; 36&#8243; W<\/span>\u00a0<\/strong><\/span><\/h4>\n<\/div>\n<\/div><\/div><\/div><div id=\"pgc-gb238-69edd4c1d9592-0-2\"  class=\"panel-grid-cell panel-grid-cell-empty\" ><\/div><\/div><div id=\"pg-gb238-69edd4c1d9592-1\"  class=\"panel-grid panel-no-style\" ><div id=\"pgc-gb238-69edd4c1d9592-1-0\"  class=\"panel-grid-cell panel-grid-cell-empty\" ><\/div><div id=\"pgc-gb238-69edd4c1d9592-1-1\"  class=\"panel-grid-cell panel-grid-cell-mobile-last\" ><div id=\"panel-gb238-69edd4c1d9592-1-1-0\" class=\"so-panel widget widget_sow-editor panel-first-child panel-last-child\" data-index=\"1\" ><div\n\t\t\t\n\t\t\tclass=\"so-widget-sow-editor so-widget-sow-editor-base\"\n\t\t\t\n\t\t><h3 class=\"widget-title\">Tarija (Bolivia)<\/h3>\n<div class=\"siteorigin-widget-tinymce textwidget\">\n\t<h6><span style=\"color: rgb(51, 51, 153);\" data-mce-style=\"color: #333399;\"><b>Tarija<\/b>, ciudad fundada con el nombre de&nbsp;<b>San Bernardo<\/b>&nbsp;o con el extenso de&nbsp;<b>Villa de San Bernardo de la Frontera de Tarija<\/b>,<sup id=\"cite_ref-4\" class=\"reference separada\"><a href=\"https:\/\/es.wikipedia.org\/wiki\/Tarija#cite_note-4\" data-mce-href=\"https:\/\/es.wikipedia.org\/wiki\/Tarija#cite_note-4\" style=\"color: rgb(51, 51, 153);\" data-mce-style=\"color: #333399;\" target=\"_blank\" rel=\"noopener\">1<\/a><\/sup>\u200b es un&nbsp;<a title=\"Municipio\" href=\"https:\/\/es.wikipedia.org\/wiki\/Municipio\" data-mce-href=\"https:\/\/es.wikipedia.org\/wiki\/Municipio\" style=\"color: rgb(51, 51, 153);\" data-mce-style=\"color: #333399;\" target=\"_blank\" rel=\"noopener\">municipio<\/a>&nbsp;y una ciudad localizada al sur de&nbsp;<a title=\"Bolivia\" href=\"https:\/\/es.wikipedia.org\/wiki\/Bolivia\" data-mce-href=\"https:\/\/es.wikipedia.org\/wiki\/Bolivia\" style=\"color: rgb(51, 51, 153);\" data-mce-style=\"color: #333399;\" target=\"_blank\" rel=\"noopener\">Bolivia<\/a>, capital y ciudad m\u00e1s poblada de la provincia&nbsp;<a title=\"Provincia de Cercado (Tarija)\" href=\"https:\/\/es.wikipedia.org\/wiki\/Provincia_de_Cercado_(Tarija)\" data-mce-href=\"https:\/\/es.wikipedia.org\/wiki\/Provincia_de_Cercado_(Tarija)\" style=\"color: rgb(51, 51, 153);\" data-mce-style=\"color: #333399;\" target=\"_blank\" rel=\"noopener\">Cercado<\/a>&nbsp;y del&nbsp;<a title=\"Departamento de Tarija\" href=\"https:\/\/es.wikipedia.org\/wiki\/Departamento_de_Tarija\" data-mce-href=\"https:\/\/es.wikipedia.org\/wiki\/Departamento_de_Tarija\" style=\"color: rgb(51, 51, 153);\" data-mce-style=\"color: #333399;\" target=\"_blank\" rel=\"noopener\">departamento hom\u00f3nimo<\/a>. Cuenta con una poblaci\u00f3n de aproximadamente 247.000 habitantes en total. Est\u00e1 ubicada en los valles bajos entre el r\u00edo&nbsp;<a class=\"mw-redirect\" title=\"\" href=\"https:\/\/es.wikipedia.org\/wiki\/Nuevo_Guadalquivir\" data-mce-href=\"https:\/\/es.wikipedia.org\/wiki\/Nuevo_Guadalquivir\" style=\"color: rgb(51, 51, 153);\" data-mce-style=\"color: #333399;\" target=\"_blank\" rel=\"noopener\">Nuevo Guadalquivir<\/a>&nbsp;a 1834&nbsp;m s. n. m.&nbsp;Tarija es una de las ciudades m\u00e1s desarrolladas de Bolivia, con un indicador municipal de desarrollo sostenible de 70,6 (la tercera a nivel nacional).<sup id=\"cite_ref-5\" class=\"reference separada\"><a href=\"https:\/\/es.wikipedia.org\/wiki\/Tarija#cite_note-5\" data-mce-href=\"https:\/\/es.wikipedia.org\/wiki\/Tarija#cite_note-5\" style=\"color: rgb(51, 51, 153);\" data-mce-style=\"color: #333399;\" target=\"_blank\" rel=\"noopener\">5<\/a><\/sup>\u200b<\/span><\/h6>\n<\/div>\n<\/div><\/div><\/div><div id=\"pgc-gb238-69edd4c1d9592-1-2\"  class=\"panel-grid-cell panel-grid-cell-empty\" ><\/div><\/div><div id=\"pg-gb238-69edd4c1d9592-2\"  class=\"panel-grid panel-no-style\" ><div id=\"pgc-gb238-69edd4c1d9592-2-0\"  class=\"panel-grid-cell panel-grid-cell-empty\" ><\/div><div id=\"pgc-gb238-69edd4c1d9592-2-1\"  class=\"panel-grid-cell panel-grid-cell-mobile-last\" ><div id=\"panel-gb238-69edd4c1d9592-2-1-0\" class=\"so-panel widget widget_sow-image panel-first-child panel-last-child\" data-index=\"2\" ><div\n\t\t\t\n\t\t\tclass=\"so-widget-sow-image so-widget-sow-image-default-8b5b6f678277-238\"\n\t\t\t\n\t\t>\n<div class=\"sow-image-container\">\n\t\t<img \n\tsrc=\"https:\/\/jvp-antenas.com.ar\/cp7dx\/imagenes\/varias\/cp7dx_loc1.jpg\" title=\"LOCATION\" alt=\"\" \t\tclass=\"so-widget-image\"\/>\n\t<\/div>\n\n<\/div><\/div><\/div><div id=\"pgc-gb238-69edd4c1d9592-2-2\"  class=\"panel-grid-cell panel-grid-cell-empty\" ><\/div><\/div><div id=\"pg-gb238-69edd4c1d9592-3\"  class=\"panel-grid panel-no-style\" ><div id=\"pgc-gb238-69edd4c1d9592-3-0\"  class=\"panel-grid-cell panel-grid-cell-empty\" ><\/div><div id=\"pgc-gb238-69edd4c1d9592-3-1\"  class=\"panel-grid-cell panel-grid-cell-mobile-last\" ><div id=\"panel-gb238-69edd4c1d9592-3-1-0\" class=\"so-panel widget widget_sow-image panel-first-child panel-last-child\" data-index=\"3\" ><div\n\t\t\t\n\t\t\tclass=\"so-widget-sow-image so-widget-sow-image-default-8b5b6f678277-238\"\n\t\t\t\n\t\t>\n<div class=\"sow-image-container\">\n\t\t<img \n\tsrc=\"https:\/\/jvp-antenas.com.ar\/cp7dx\/imagenes\/varias\/cp7dx_loc2.jpg\" title=\"LOCATION\" alt=\"\" \t\tclass=\"so-widget-image\"\/>\n\t<\/div>\n\n<\/div><\/div><\/div><div id=\"pgc-gb238-69edd4c1d9592-3-2\"  class=\"panel-grid-cell panel-grid-cell-empty\" ><\/div><\/div><div id=\"pg-gb238-69edd4c1d9592-4\"  class=\"panel-grid panel-no-style\" ><div id=\"pgc-gb238-69edd4c1d9592-4-0\"  class=\"panel-grid-cell panel-grid-cell-empty\" ><\/div><div id=\"pgc-gb238-69edd4c1d9592-4-1\"  class=\"panel-grid-cell panel-grid-cell-mobile-last\" ><div id=\"panel-gb238-69edd4c1d9592-4-1-0\" class=\"so-panel widget widget_sow-image panel-first-child panel-last-child\" data-index=\"4\" ><div\n\t\t\t\n\t\t\tclass=\"so-widget-sow-image so-widget-sow-image-default-8b5b6f678277-238\"\n\t\t\t\n\t\t>\n<div class=\"sow-image-container\">\n\t\t<img \n\tsrc=\"https:\/\/jvp-antenas.com.ar\/cp7dx\/imagenes\/varias\/cp7dx_loc3.jpg\" title=\"LOCATION\" alt=\"\" \t\tclass=\"so-widget-image\"\/>\n\t<\/div>\n\n<\/div><\/div><\/div><div id=\"pgc-gb238-69edd4c1d9592-4-2\"  class=\"panel-grid-cell panel-grid-cell-empty\" ><\/div><\/div><\/div>","protected":false},"excerpt":{"rendered":"<p>Lat: -21\u00b0 31&#8242; 18&#8243; S \/\u00a0Long: -64\u00b0 42&#8242; 36&#8243; W\u00a0 Tarija, ciudad fundada con el nombre de&nbsp;San Bernardo&nbsp;o con el extenso de&nbsp;Villa de San Bernardo de la Frontera de Tarija,1\u200b&hellip; <\/p>\n","protected":false},"author":1,"featured_media":0,"parent":0,"menu_order":0,"comment_status":"closed","ping_status":"closed","template":"","meta":{"footnotes":""},"class_list":["post-238","page","type-page","status-publish","hentry"],"_links":{"self":[{"href":"https:\/\/jvp-antenas.com.ar\/cp7dx\/wp-json\/wp\/v2\/pages\/238","targetHints":{"allow":["GET"]}}],"collection":[{"href":"https:\/\/jvp-antenas.com.ar\/cp7dx\/wp-json\/wp\/v2\/pages"}],"about":[{"href":"https:\/\/jvp-antenas.com.ar\/cp7dx\/wp-json\/wp\/v2\/types\/page"}],"author":[{"embeddable":true,"href":"https:\/\/jvp-antenas.com.ar\/cp7dx\/wp-json\/wp\/v2\/users\/1"}],"replies":[{"embeddable":true,"href":"https:\/\/jvp-antenas.com.ar\/cp7dx\/wp-json\/wp\/v2\/comments?post=238"}],"version-history":[{"count":10,"href":"https:\/\/jvp-antenas.com.ar\/cp7dx\/wp-json\/wp\/v2\/pages\/238\/revisions"}],"predecessor-version":[{"id":254,"href":"https:\/\/jvp-antenas.com.ar\/cp7dx\/wp-json\/wp\/v2\/pages\/238\/revisions\/254"}],"wp:attachment":[{"href":"https:\/\/jvp-antenas.com.ar\/cp7dx\/wp-json\/wp\/v2\/media?parent=238"}],"curies":[{"name":"wp","href":"https:\/\/api.w.org\/{rel}","templated":true}]}}

<div id="pl-gb238-69edd4c1d9592"  class="panel-layout panel-layout" ><div id="pg-gb238-69edd4c1d9592-0"  class="panel-grid panel-no-style" ><div id="pgc-gb238-69edd4c1d9592-0-0"  class="panel-grid-cell panel-grid-cell-empty" ></div><div id="pgc-gb238-69edd4c1d9592-0-1"  class="panel-grid-cell panel-grid-cell-mobile-last" ><div id="panel-gb238-69edd4c1d9592-0-1-0" class="so-panel widget widget_sow-editor panel-first-child panel-last-child" data-index="0" ><div
			
			class="so-widget-sow-editor so-widget-sow-editor-base"
			
		><h3 class="widget-title">Grid Locator: FG78pl</h3>
<div class="siteorigin-widget-tinymce textwidget">
	<h4><span style="color: #333399;"><strong><span id="mll"><br />
Lat: -21° 31&#8242; 18&#8243; S / </span></strong></span><span style="color: #333399;"><strong><span id="mll">Long: -64° 42&#8242; 36&#8243; W</span> </strong></span></h4>
</div>
</div></div></div><div id="pgc-gb238-69edd4c1d9592-0-2"  class="panel-grid-cell panel-grid-cell-empty" ></div></div><div id="pg-gb238-69edd4c1d9592-1"  class="panel-grid panel-no-style" ><div id="pgc-gb238-69edd4c1d9592-1-0"  class="panel-grid-cell panel-grid-cell-empty" ></div><div id="pgc-gb238-69edd4c1d9592-1-1"  class="panel-grid-cell panel-grid-cell-mobile-last" ><div id="panel-gb238-69edd4c1d9592-1-1-0" class="so-panel widget widget_sow-editor panel-first-child panel-last-child" data-index="1" ><div
			
			class="so-widget-sow-editor so-widget-sow-editor-base"
			
		><h3 class="widget-title">Tarija (Bolivia)</h3>
<div class="siteorigin-widget-tinymce textwidget">
	<h6><span style="color: rgb(51, 51, 153);" data-mce-style="color: #333399;"><b>Tarija</b>, ciudad fundada con el nombre de&nbsp;<b>San Bernardo</b>&nbsp;o con el extenso de&nbsp;<b>Villa de San Bernardo de la Frontera de Tarija</b>,<sup id="cite_ref-4" class="reference separada"><a href="https://es.wikipedia.org/wiki/Tarija#cite_note-4" data-mce-href="https://es.wikipedia.org/wiki/Tarija#cite_note-4" style="color: rgb(51, 51, 153);" data-mce-style="color: #333399;" target="_blank" rel="noopener">1</a></sup>​ es un&nbsp;<a title="Municipio" href="https://es.wikipedia.org/wiki/Municipio" data-mce-href="https://es.wikipedia.org/wiki/Municipio" style="color: rgb(51, 51, 153);" data-mce-style="color: #333399;" target="_blank" rel="noopener">municipio</a>&nbsp;y una ciudad localizada al sur de&nbsp;<a title="Bolivia" href="https://es.wikipedia.org/wiki/Bolivia" data-mce-href="https://es.wikipedia.org/wiki/Bolivia" style="color: rgb(51, 51, 153);" data-mce-style="color: #333399;" target="_blank" rel="noopener">Bolivia</a>, capital y ciudad más poblada de la provincia&nbsp;<a title="Provincia de Cercado (Tarija)" href="https://es.wikipedia.org/wiki/Provincia_de_Cercado_(Tarija)" data-mce-href="https://es.wikipedia.org/wiki/Provincia_de_Cercado_(Tarija)" style="color: rgb(51, 51, 153);" data-mce-style="color: #333399;" target="_blank" rel="noopener">Cercado</a>&nbsp;y del&nbsp;<a title="Departamento de Tarija" href="https://es.wikipedia.org/wiki/Departamento_de_Tarija" data-mce-href="https://es.wikipedia.org/wiki/Departamento_de_Tarija" style="color: rgb(51, 51, 153);" data-mce-style="color: #333399;" target="_blank" rel="noopener">departamento homónimo</a>. Cuenta con una población de aproximadamente 247.000 habitantes en total. Está ubicada en los valles bajos entre el río&nbsp;<a class="mw-redirect" title="" href="https://es.wikipedia.org/wiki/Nuevo_Guadalquivir" data-mce-href="https://es.wikipedia.org/wiki/Nuevo_Guadalquivir" style="color: rgb(51, 51, 153);" data-mce-style="color: #333399;" target="_blank" rel="noopener">Nuevo Guadalquivir</a>&nbsp;a 1834&nbsp;m s. n. m.&nbsp;Tarija es una de las ciudades más desarrolladas de Bolivia, con un indicador municipal de desarrollo sostenible de 70,6 (la tercera a nivel nacional).<sup id="cite_ref-5" class="reference separada"><a href="https://es.wikipedia.org/wiki/Tarija#cite_note-5" data-mce-href="https://es.wikipedia.org/wiki/Tarija#cite_note-5" style="color: rgb(51, 51, 153);" data-mce-style="color: #333399;" target="_blank" rel="noopener">5</a></sup>​</span></h6>
</div>
</div></div></div><div id="pgc-gb238-69edd4c1d9592-1-2"  class="panel-grid-cell panel-grid-cell-empty" ></div></div><div id="pg-gb238-69edd4c1d9592-2"  class="panel-grid panel-no-style" ><div id="pgc-gb238-69edd4c1d9592-2-0"  class="panel-grid-cell panel-grid-cell-empty" ></div><div id="pgc-gb238-69edd4c1d9592-2-1"  class="panel-grid-cell panel-grid-cell-mobile-last" ><div id="panel-gb238-69edd4c1d9592-2-1-0" class="so-panel widget widget_sow-image panel-first-child panel-last-child" data-index="2" ><div
			
			class="so-widget-sow-image so-widget-sow-image-default-8b5b6f678277-238"
			
		>
<div class="sow-image-container">
		<img 
	src="https://jvp-antenas.com.ar/cp7dx/imagenes/varias/cp7dx_loc1.jpg" title="LOCATION" alt="" 		class="so-widget-image"/>
	</div>

</div></div></div><div id="pgc-gb238-69edd4c1d9592-2-2"  class="panel-grid-cell panel-grid-cell-empty" ></div></div><div id="pg-gb238-69edd4c1d9592-3"  class="panel-grid panel-no-style" ><div id="pgc-gb238-69edd4c1d9592-3-0"  class="panel-grid-cell panel-grid-cell-empty" ></div><div id="pgc-gb238-69edd4c1d9592-3-1"  class="panel-grid-cell panel-grid-cell-mobile-last" ><div id="panel-gb238-69edd4c1d9592-3-1-0" class="so-panel widget widget_sow-image panel-first-child panel-last-child" data-index="3" ><div
			
			class="so-widget-sow-image so-widget-sow-image-default-8b5b6f678277-238"
			
		>
<div class="sow-image-container">
		<img 
	src="https://jvp-antenas.com.ar/cp7dx/imagenes/varias/cp7dx_loc2.jpg" title="LOCATION" alt="" 		class="so-widget-image"/>
	</div>

</div></div></div><div id="pgc-gb238-69edd4c1d9592-3-2"  class="panel-grid-cell panel-grid-cell-empty" ></div></div><div id="pg-gb238-69edd4c1d9592-4"  class="panel-grid panel-no-style" ><div id="pgc-gb238-69edd4c1d9592-4-0"  class="panel-grid-cell panel-grid-cell-empty" ></div><div id="pgc-gb238-69edd4c1d9592-4-1"  class="panel-grid-cell panel-grid-cell-mobile-last" ><div id="panel-gb238-69edd4c1d9592-4-1-0" class="so-panel widget widget_sow-image panel-first-child panel-last-child" data-index="4" ><div
			
			class="so-widget-sow-image so-widget-sow-image-default-8b5b6f678277-238"
			
		>
<div class="sow-image-container">
		<img 
	src="https://jvp-antenas.com.ar/cp7dx/imagenes/varias/cp7dx_loc3.jpg" title="LOCATION" alt="" 		class="so-widget-image"/>
	</div>

</div></div></div><div id="pgc-gb238-69edd4c1d9592-4-2"  class="panel-grid-cell panel-grid-cell-empty" ></div></div></div>
